{"id":217,"date":"2022-11-23T23:57:10","date_gmt":"2022-11-23T23:57:10","guid":{"rendered":"https:\/\/bluesky.net.br\/?page_id=217"},"modified":"2023-06-30T02:43:31","modified_gmt":"2023-06-30T02:43:31","slug":"baloes-como-midia-impacto-fixacao","status":"publish","type":"page","link":"https:\/\/bluesky.net.br\/index.php\/baloes-como-midia-impacto-fixacao\/","title":{"rendered":"Bal\u00f5es como m\u00eddia e impacto"},"content":{"rendered":"\t\t<div data-elementor-type=\"wp-page\" data-elementor-id=\"217\" class=\"elementor elementor-217\">\n\t\t\t\t\t\t<section class=\"elementor-section elementor-top-section elementor-element elementor-element-44d36509 elementor-section-height-min-height elementor-section-items-stretch elementor-section-boxed elementor-section-height-default\" data-id=\"44d36509\" data-element_type=\"section\" data-settings=\"{&quot;background_background&quot;:&quot;classic&quot;}\">\n\t\t\t\t\t\t\t<div class=\"elementor-background-overlay\"><\/div>\n\t\t\t\t\t\t\t<div class=\"elementor-container elementor-column-gap-default\">\n\t\t\t\t\t<div class=\"elementor-column elementor-col-100 elementor-top-column elementor-element elementor-element-526b02f6\" data-id=\"526b02f6\" data-element_type=\"column\">\n\t\t\t<div class=\"elementor-widget-wrap elementor-element-populated\">\n\t\t\t\t\t\t<div class=\"elementor-element elementor-element-6385a88c elementor-widget elementor-widget-heading\" data-id=\"6385a88c\" data-element_type=\"widget\" data-widget_type=\"heading.default\">\n\t\t\t\t<div class=\"elementor-widget-container\">\n\t\t\t<h2 class=\"elementor-heading-title elementor-size-default\">BAL\u00d5ES COMO M\u00cdDIA<\/h2>\t\t<\/div>\n\t\t\t\t<\/div>\n\t\t\t\t<div class=\"elementor-element elementor-element-e05bf1b elementor-widget elementor-widget-text-editor\" data-id=\"e05bf1b\" data-element_type=\"widget\" data-widget_type=\"text-editor.default\">\n\t\t\t\t<div class=\"elementor-widget-container\">\n\t\t\t\t\t\t\t<p>IMPACTO &amp;\u00a0FIXA\u00c7\u00c3O<\/p>\t\t\t\t\t\t<\/div>\n\t\t\t\t<\/div>\n\t\t\t\t\t<\/div>\n\t\t<\/div>\n\t\t\t\t\t<\/div>\n\t\t<\/section>\n\t\t\t\t<section class=\"elementor-section elementor-top-section elementor-element elementor-element-8728880 elementor-section-boxed elementor-section-height-default elementor-section-height-default\" data-id=\"8728880\" data-element_type=\"section\">\n\t\t\t\t\t\t<div class=\"elementor-container elementor-column-gap-default\">\n\t\t\t\t\t<div class=\"elementor-column elementor-col-100 elementor-top-column elementor-element elementor-element-210a708\" data-id=\"210a708\" data-element_type=\"column\">\n\t\t\t<div class=\"elementor-widget-wrap elementor-element-populated\">\n\t\t\t\t\t\t<div class=\"elementor-element elementor-element-d5118a8 elementor-widget elementor-widget-text-editor\" data-id=\"d5118a8\" data-element_type=\"widget\" data-widget_type=\"text-editor.default\">\n\t\t\t\t<div class=\"elementor-widget-container\">\n\t\t\t\t\t\t\t<p class=\"font_7\"><strong>Formatos de campanhas publicit\u00e1rias <\/strong><\/p><p class=\"font_7\">Bal\u00e3o com design\u00a0exclusivo\u00a0nas cores e identidade de sua marca ou\u00a0produto. Com\u00a0aproximadamente 1.000 m2 de espa\u00e7o de veicula\u00e7\u00e3o,\u00a0obt\u00e9m\u00a0se uma identidade forte, e marcante\u00a0no inconsciente coletivo do mercado.\u00a0Bal\u00e3o no formato de seu produto, com dimens\u00f5es compar\u00e1veis a um edif\u00edcio de dez andares. Nada supera o impacto, a abrang\u00eancia e o resultado marcante de seu produto em voo sobre a cidade. Produ\u00e7\u00e3o de um de nossos bal\u00f5es com Paine\u00eds\u00a0&#8220;segunda pele&#8221;. Ideal para\u00a0campanhas pontuais e or\u00e7amentos enxutos. Produzimos um de nossos bal\u00f5es com paineis\u00a0em impress\u00e3o digital, no formato do bal\u00e3o,\u00a0oferecendo at\u00e9 100 m2 de veicula\u00e7\u00e3o para sua marca.<\/p>\t\t\t\t\t\t<\/div>\n\t\t\t\t<\/div>\n\t\t\t\t\t<\/div>\n\t\t<\/div>\n\t\t\t\t\t<\/div>\n\t\t<\/section>\n\t\t\t\t<section class=\"elementor-section elementor-top-section elementor-element elementor-element-5b1e62e elementor-section-boxed elementor-section-height-default elementor-section-height-default\" data-id=\"5b1e62e\" data-element_type=\"section\">\n\t\t\t\t\t\t<div class=\"elementor-container elementor-column-gap-default\">\n\t\t\t\t\t<div class=\"elementor-column elementor-col-100 elementor-top-column elementor-element elementor-element-3d905c0\" data-id=\"3d905c0\" data-element_type=\"column\">\n\t\t\t<div class=\"elementor-widget-wrap elementor-element-populated\">\n\t\t\t\t\t\t<div class=\"elementor-element elementor-element-51666a6 elementor-widget elementor-widget-text-editor\" data-id=\"51666a6\" data-element_type=\"widget\" data-widget_type=\"text-editor.default\">\n\t\t\t\t<div class=\"elementor-widget-container\">\n\t\t\t\t\t\t\t<p class=\"font_7\"><strong>Projetos especiais<\/strong><\/p><p class=\"font_7\">Festivais de Balonismo, Assine um evento exclusivo, e obtenha um espet\u00e1culo de imagens, p\u00fablico, interatividade nas redes sociais e midia expont\u00e2nea.\u00a0Podemos oferecer tamb\u00e9m a participa\u00e7\u00e3o de sua marca em um de nossos j\u00e1 consagrados eventos.\u00a0Especiais\u00a0para TV e WEB.\u00a0Uma excelente oportunidade de exposi\u00e7\u00e3o de marca explorando a abrang\u00eancia e visibilidade dos ve\u00edculos de massa. Desenvolvemos projetos\u00a0&#8220;custom ordered&#8221;\u00a0para TV\/Web\u00a0em m\u00e1xima identidade com sua marca e objetivos estrat\u00e9gicos.Patroc\u00ednio\u00a0para nosso\u00a0piloto\u00a0&#8220;Top-five&#8221;, entre os cinco melhores do mundo, representando sua marca no\u00a0circuito mundial e\/ou nacional. Trabalhamos com Leis de Incentivo Fiscal para tornar o projeto ainda mais atraente.<\/p>\t\t\t\t\t\t<\/div>\n\t\t\t\t<\/div>\n\t\t\t\t<div class=\"elementor-element elementor-element-377508a elementor-widget elementor-widget-button\" data-id=\"377508a\" data-element_type=\"widget\" data-widget_type=\"button.default\">\n\t\t\t\t<div class=\"elementor-widget-container\">\n\t\t\t\t\t<div class=\"elementor-button-wrapper\">\n\t\t\t<a class=\"elementor-button elementor-button-link elementor-size-sm\" href=\"https:\/\/api.whatsapp.com\/send?phone=5562984842025&#038;text=Ol%C3%A1,%20estava%20olhando%20o%20site%20e%20quero%20tratar%20sobre%20BAL%C3%95ES%20COMO%20M%C3%8DDIA.\">\n\t\t\t\t\t\t<span class=\"elementor-button-content-wrapper\">\n\t\t\t\t\t\t\t\t\t<span class=\"elementor-button-text\">Quero Esse<\/span>\n\t\t\t\t\t<\/span>\n\t\t\t\t\t<\/a>\n\t\t<\/div>\n\t\t\t\t<\/div>\n\t\t\t\t<\/div>\n\t\t\t\t\t<\/div>\n\t\t<\/div>\n\t\t\t\t\t<\/div>\n\t\t<\/section>\n\t\t\t\t<section class=\"elementor-section elementor-top-section elementor-element elementor-element-717172c elementor-section-boxed elementor-section-height-default elementor-section-height-default\" data-id=\"717172c\" data-element_type=\"section\">\n\t\t\t\t\t\t<div class=\"elementor-container elementor-column-gap-default\">\n\t\t\t\t\t<div class=\"elementor-column elementor-col-33 elementor-top-column elementor-element elementor-element-05ae88e\" data-id=\"05ae88e\" data-element_type=\"column\">\n\t\t\t<div class=\"elementor-widget-wrap elementor-element-populated\">\n\t\t\t\t\t\t<div class=\"elementor-element elementor-element-f08d58b elementor-widget elementor-widget-image\" data-id=\"f08d58b\" data-element_type=\"widget\" data-widget_type=\"image.default\">\n\t\t\t\t<div class=\"elementor-widget-container\">\n\t\t\t\t\t\t\t\t\t\t\t\t\t<img fetchpriority=\"high\" decoding=\"async\" width=\"348\" height=\"251\" src=\"https:\/\/bluesky.net.br\/wp-content\/uploads\/2022\/11\/3d26d8_6402803830b44c25adc8e87d97eeefbb.webp\" class=\"attachment-large size-large wp-image-231\" alt=\"\" srcset=\"https:\/\/bluesky.net.br\/wp-content\/uploads\/2022\/11\/3d26d8_6402803830b44c25adc8e87d97eeefbb.webp 348w, https:\/\/bluesky.net.br\/wp-content\/uploads\/2022\/11\/3d26d8_6402803830b44c25adc8e87d97eeefbb-300x216.webp 300w\" sizes=\"(max-width: 348px) 100vw, 348px\" \/>\t\t\t\t\t\t\t\t\t\t\t\t\t<\/div>\n\t\t\t\t<\/div>\n\t\t\t\t\t<\/div>\n\t\t<\/div>\n\t\t\t\t<div class=\"elementor-column elementor-col-33 elementor-top-column elementor-element elementor-element-b6792c5\" data-id=\"b6792c5\" data-element_type=\"column\">\n\t\t\t<div class=\"elementor-widget-wrap elementor-element-populated\">\n\t\t\t\t\t\t<div class=\"elementor-element elementor-element-d33174f elementor-widget elementor-widget-image\" data-id=\"d33174f\" data-element_type=\"widget\" data-widget_type=\"image.default\">\n\t\t\t\t<div class=\"elementor-widget-container\">\n\t\t\t\t\t\t\t\t\t\t\t\t\t<img decoding=\"async\" width=\"347\" height=\"308\" src=\"https:\/\/bluesky.net.br\/wp-content\/uploads\/2022\/11\/3d26d8_e75b399554f94cf784e076f3627e25bf.webp\" class=\"attachment-large size-large wp-image-233\" alt=\"\" srcset=\"https:\/\/bluesky.net.br\/wp-content\/uploads\/2022\/11\/3d26d8_e75b399554f94cf784e076f3627e25bf.webp 347w, https:\/\/bluesky.net.br\/wp-content\/uploads\/2022\/11\/3d26d8_e75b399554f94cf784e076f3627e25bf-300x266.webp 300w\" sizes=\"(max-width: 347px) 100vw, 347px\" \/>\t\t\t\t\t\t\t\t\t\t\t\t\t<\/div>\n\t\t\t\t<\/div>\n\t\t\t\t\t<\/div>\n\t\t<\/div>\n\t\t\t\t<div class=\"elementor-column elementor-col-33 elementor-top-column elementor-element elementor-element-e43ff3e\" data-id=\"e43ff3e\" data-element_type=\"column\">\n\t\t\t<div class=\"elementor-widget-wrap elementor-element-populated\">\n\t\t\t\t\t\t<div class=\"elementor-element elementor-element-daf8d0f elementor-widget elementor-widget-image\" data-id=\"daf8d0f\" data-element_type=\"widget\" data-widget_type=\"image.default\">\n\t\t\t\t<div class=\"elementor-widget-container\">\n\t\t\t\t\t\t\t\t\t\t\t\t\t<img decoding=\"async\" width=\"345\" height=\"268\" src=\"https:\/\/bluesky.net.br\/wp-content\/uploads\/2022\/11\/3d26d8_4d9cc6f334784123a78beccc9a9ab1e4.webp\" class=\"attachment-large size-large wp-image-232\" alt=\"\" srcset=\"https:\/\/bluesky.net.br\/wp-content\/uploads\/2022\/11\/3d26d8_4d9cc6f334784123a78beccc9a9ab1e4.webp 345w, https:\/\/bluesky.net.br\/wp-content\/uploads\/2022\/11\/3d26d8_4d9cc6f334784123a78beccc9a9ab1e4-300x233.webp 300w\" sizes=\"(max-width: 345px) 100vw, 345px\" \/>\t\t\t\t\t\t\t\t\t\t\t\t\t<\/div>\n\t\t\t\t<\/div>\n\t\t\t\t\t<\/div>\n\t\t<\/div>\n\t\t\t\t\t<\/div>\n\t\t<\/section>\n\t\t\t\t<\/div>\n\t\t","protected":false},"excerpt":{"rendered":"<p>BAL\u00d5ES COMO M\u00cdDIA IMPACTO &amp;\u00a0FIXA\u00c7\u00c3O Formatos de campanhas publicit\u00e1rias Bal\u00e3o com design\u00a0exclusivo\u00a0nas cores e identidade de sua marca ou\u00a0produto. Com\u00a0aproximadamente 1.000 m2 de espa\u00e7o de veicula\u00e7\u00e3o,\u00a0obt\u00e9m\u00a0se uma identidade forte, e marcante\u00a0no inconsciente coletivo do mercado.\u00a0Bal\u00e3o no formato de seu produto, com dimens\u00f5es compar\u00e1veis a um edif\u00edcio de dez andares. Nada supera o impacto, a abrang\u00eancia &hellip;<\/p>\n<p class=\"read-more\"> <a class=\"\" href=\"https:\/\/bluesky.net.br\/index.php\/baloes-como-midia-impacto-fixacao\/\"> <span class=\"screen-reader-text\">Bal\u00f5es como m\u00eddia e impacto<\/span> Leia mais &raquo;<\/a><\/p>\n","protected":false},"author":1,"featured_media":0,"parent":0,"menu_order":0,"comment_status":"closed","ping_status":"closed","template":"","meta":{"site-sidebar-layout":"no-sidebar","site-content-layout":"page-builder","ast-global-header-display":"","ast-main-header-display":"","ast-hfb-above-header-display":"","ast-hfb-below-header-display":"","ast-hfb-mobile-header-display":"","site-post-title":"disabled","ast-breadcrumbs-content":"","ast-featured-img":"disabled","footer-sml-layout":"","theme-transparent-header-meta":"","adv-header-id-meta":"","stick-header-meta":"","header-above-stick-meta":"","header-main-stick-meta":"","header-below-stick-meta":"","footnotes":""},"class_list":["post-217","page","type-page","status-publish","hentry"],"_links":{"self":[{"href":"https:\/\/bluesky.net.br\/index.php\/wp-json\/wp\/v2\/pages\/217","targetHints":{"allow":["GET"]}}],"collection":[{"href":"https:\/\/bluesky.net.br\/index.php\/wp-json\/wp\/v2\/pages"}],"about":[{"href":"https:\/\/bluesky.net.br\/index.php\/wp-json\/wp\/v2\/types\/page"}],"author":[{"embeddable":true,"href":"https:\/\/bluesky.net.br\/index.php\/wp-json\/wp\/v2\/users\/1"}],"replies":[{"embeddable":true,"href":"https:\/\/bluesky.net.br\/index.php\/wp-json\/wp\/v2\/comments?post=217"}],"version-history":[{"count":12,"href":"https:\/\/bluesky.net.br\/index.php\/wp-json\/wp\/v2\/pages\/217\/revisions"}],"predecessor-version":[{"id":463,"href":"https:\/\/bluesky.net.br\/index.php\/wp-json\/wp\/v2\/pages\/217\/revisions\/463"}],"wp:attachment":[{"href":"https:\/\/bluesky.net.br\/index.php\/wp-json\/wp\/v2\/media?parent=217"}],"curies":[{"name":"wp","href":"https:\/\/api.w.org\/{rel}","templated":true}]}}