{"id":254,"date":"2022-11-24T00:47:32","date_gmt":"2022-11-24T00:47:32","guid":{"rendered":"https:\/\/bluesky.net.br\/?page_id=254"},"modified":"2023-06-30T02:42:03","modified_gmt":"2023-06-30T02:42:03","slug":"balloon-branding-aeromarketing","status":"publish","type":"page","link":"https:\/\/bluesky.net.br\/index.php\/balloon-branding-aeromarketing\/","title":{"rendered":"BALLOON BRANDING &amp; Aeromarketing"},"content":{"rendered":"\t\t<div data-elementor-type=\"wp-page\" data-elementor-id=\"254\" class=\"elementor elementor-254\">\n\t\t\t\t\t\t<section class=\"elementor-section elementor-top-section elementor-element elementor-element-df11642 elementor-section-height-min-height elementor-section-items-stretch elementor-section-boxed elementor-section-height-default\" data-id=\"df11642\" data-element_type=\"section\" data-settings=\"{&quot;background_background&quot;:&quot;slideshow&quot;,&quot;background_slideshow_gallery&quot;:[{&quot;id&quot;:256,&quot;url&quot;:&quot;https:\\\/\\\/bluesky.net.br\\\/wp-content\\\/uploads\\\/2022\\\/11\\\/3d26d8_0abda96e65c64613bfc55131917fc009.webp&quot;},{&quot;id&quot;:257,&quot;url&quot;:&quot;https:\\\/\\\/bluesky.net.br\\\/wp-content\\\/uploads\\\/2022\\\/11\\\/3d26d8_9293f636486d4c8099606e74eb5b0905.webp&quot;},{&quot;id&quot;:259,&quot;url&quot;:&quot;https:\\\/\\\/bluesky.net.br\\\/wp-content\\\/uploads\\\/2022\\\/11\\\/3d26d8_a5612054a8444bbbae81f056c3846c19.webp&quot;}],&quot;background_slideshow_loop&quot;:&quot;yes&quot;,&quot;background_slideshow_slide_duration&quot;:5000,&quot;background_slideshow_slide_transition&quot;:&quot;fade&quot;,&quot;background_slideshow_transition_duration&quot;:500}\">\n\t\t\t\t\t\t\t<div class=\"elementor-background-overlay\"><\/div>\n\t\t\t\t\t\t\t<div class=\"elementor-container elementor-column-gap-default\">\n\t\t\t\t\t<div class=\"elementor-column elementor-col-100 elementor-top-column elementor-element elementor-element-cb6d1f\" data-id=\"cb6d1f\" data-element_type=\"column\">\n\t\t\t<div class=\"elementor-widget-wrap elementor-element-populated\">\n\t\t\t\t\t\t<div class=\"elementor-element elementor-element-6e7741f6 elementor-widget elementor-widget-heading\" data-id=\"6e7741f6\" data-element_type=\"widget\" data-widget_type=\"heading.default\">\n\t\t\t\t<div class=\"elementor-widget-container\">\n\t\t\t<h2 class=\"elementor-heading-title elementor-size-default\">BALLOON BRANDING & Aeromarketing<\/h2>\t\t<\/div>\n\t\t\t\t<\/div>\n\t\t\t\t\t<\/div>\n\t\t<\/div>\n\t\t\t\t\t<\/div>\n\t\t<\/section>\n\t\t\t\t<section class=\"elementor-section elementor-top-section elementor-element elementor-element-48e3b9f0 elementor-section-boxed elementor-section-height-default elementor-section-height-default\" data-id=\"48e3b9f0\" data-element_type=\"section\">\n\t\t\t\t\t\t<div class=\"elementor-container elementor-column-gap-default\">\n\t\t\t\t\t<div class=\"elementor-column elementor-col-100 elementor-top-column elementor-element elementor-element-14a34e15\" data-id=\"14a34e15\" data-element_type=\"column\">\n\t\t\t<div class=\"elementor-widget-wrap elementor-element-populated\">\n\t\t\t\t\t\t<div class=\"elementor-element elementor-element-455fe061 elementor-widget elementor-widget-text-editor\" data-id=\"455fe061\" data-element_type=\"widget\" data-widget_type=\"text-editor.default\">\n\t\t\t\t<div class=\"elementor-widget-container\">\n\t\t\t\t\t\t\t<p class=\"font_7\">Quantas pessoas tiraram fotografias de seu \u00faltimo Out-door para mostrar aos amigos ou\u00a0a colocaram no jornal da cidade?<\/p><p class=\"font_7\">Quantos gravaram um comercial de TV para assistir repetidas vezes com a fam\u00edlia?<\/p>\t\t\t\t\t\t<\/div>\n\t\t\t\t<\/div>\n\t\t\t\t\t<\/div>\n\t\t<\/div>\n\t\t\t\t\t<\/div>\n\t\t<\/section>\n\t\t\t\t<section class=\"elementor-section elementor-top-section elementor-element elementor-element-646cad68 elementor-section-boxed elementor-section-height-default elementor-section-height-default\" data-id=\"646cad68\" data-element_type=\"section\">\n\t\t\t\t\t\t<div class=\"elementor-container elementor-column-gap-default\">\n\t\t\t\t\t<div class=\"elementor-column elementor-col-100 elementor-top-column elementor-element elementor-element-33a354d0\" data-id=\"33a354d0\" data-element_type=\"column\">\n\t\t\t<div class=\"elementor-widget-wrap elementor-element-populated\">\n\t\t\t\t\t\t<div class=\"elementor-element elementor-element-6d6067b1 elementor-widget elementor-widget-text-editor\" data-id=\"6d6067b1\" data-element_type=\"widget\" data-widget_type=\"text-editor.default\">\n\t\t\t\t<div class=\"elementor-widget-container\">\n\t\t\t\t\t\t\t<p class=\"font_7\"><strong>PORQUE UM BAL\u00c3O?\u00a0<\/strong><\/p><p class=\"font_7\">IMPACTO:\u00a0Nada se compara ao impacto da vis\u00e3o de sua marca aplicada a um\u00a0bal\u00e3o\u00a0equivalente a um pr\u00e9dio de oito andares em voo sobre a cidade.<\/p><p class=\"font_7\">FIXA\u00c7\u00c3O: \u00a0A emo\u00e7\u00e3o fica impressa pra sempre na mem\u00f3ria de todos que o assistem.<\/p><p class=\"font_7\">EFETIVIDADE: Espetaculares, os bal\u00f5es chegam a atingir uma taxa de CPM dez vezes menor do que qualquer outra m\u00eddia convencional.\u00a0 AEROMARKETING: Saia do lugar comum e realize seu case de sucesso em MARKETING DE IMPACTO: Deixe a concorr\u00eancia impressionada e os consumidores deslumbrados com sua marca e produto.<\/p>\t\t\t\t\t\t<\/div>\n\t\t\t\t<\/div>\n\t\t\t\t<div class=\"elementor-element elementor-element-266a80cd elementor-widget elementor-widget-button\" data-id=\"266a80cd\" data-element_type=\"widget\" data-widget_type=\"button.default\">\n\t\t\t\t<div class=\"elementor-widget-container\">\n\t\t\t\t\t<div class=\"elementor-button-wrapper\">\n\t\t\t<a class=\"elementor-button elementor-button-link elementor-size-sm\" href=\"https:\/\/api.whatsapp.com\/send?phone=5562984842025&#038;text=Ol%C3%A1,%20estava%20olhando%20o%20site%20e%20quero%20tratar%20sobre%20BALLOON%20BRANDING%20&#038;%20AEROMARKETING%E2%80%8B.\">\n\t\t\t\t\t\t<span class=\"elementor-button-content-wrapper\">\n\t\t\t\t\t\t\t\t\t<span class=\"elementor-button-text\">Quero Esse<\/span>\n\t\t\t\t\t<\/span>\n\t\t\t\t\t<\/a>\n\t\t<\/div>\n\t\t\t\t<\/div>\n\t\t\t\t<\/div>\n\t\t\t\t\t<\/div>\n\t\t<\/div>\n\t\t\t\t\t<\/div>\n\t\t<\/section>\n\t\t\t\t<section class=\"elementor-section elementor-top-section elementor-element elementor-element-6ed8b46c elementor-section-boxed elementor-section-height-default elementor-section-height-default\" data-id=\"6ed8b46c\" data-element_type=\"section\">\n\t\t\t\t\t\t<div class=\"elementor-container elementor-column-gap-default\">\n\t\t\t\t\t<div class=\"elementor-column elementor-col-33 elementor-top-column elementor-element elementor-element-48b958a5\" data-id=\"48b958a5\" data-element_type=\"column\">\n\t\t\t<div class=\"elementor-widget-wrap elementor-element-populated\">\n\t\t\t\t\t\t<div class=\"elementor-element elementor-element-37764c36 elementor-widget elementor-widget-image\" data-id=\"37764c36\" data-element_type=\"widget\" data-widget_type=\"image.default\">\n\t\t\t\t<div class=\"elementor-widget-container\">\n\t\t\t\t\t\t\t\t\t\t\t\t\t<img fetchpriority=\"high\" decoding=\"async\" width=\"980\" height=\"501\" src=\"https:\/\/bluesky.net.br\/wp-content\/uploads\/2022\/11\/3d26d8_a5612054a8444bbbae81f056c3846c19-1.webp\" class=\"attachment-large size-large wp-image-258\" alt=\"\" srcset=\"https:\/\/bluesky.net.br\/wp-content\/uploads\/2022\/11\/3d26d8_a5612054a8444bbbae81f056c3846c19-1.webp 980w, https:\/\/bluesky.net.br\/wp-content\/uploads\/2022\/11\/3d26d8_a5612054a8444bbbae81f056c3846c19-1-300x153.webp 300w, https:\/\/bluesky.net.br\/wp-content\/uploads\/2022\/11\/3d26d8_a5612054a8444bbbae81f056c3846c19-1-768x393.webp 768w, https:\/\/bluesky.net.br\/wp-content\/uploads\/2022\/11\/3d26d8_a5612054a8444bbbae81f056c3846c19-1-600x307.webp 600w\" sizes=\"(max-width: 980px) 100vw, 980px\" \/>\t\t\t\t\t\t\t\t\t\t\t\t\t<\/div>\n\t\t\t\t<\/div>\n\t\t\t\t\t<\/div>\n\t\t<\/div>\n\t\t\t\t<div class=\"elementor-column elementor-col-33 elementor-top-column elementor-element elementor-element-703d1f97\" data-id=\"703d1f97\" data-element_type=\"column\">\n\t\t\t<div class=\"elementor-widget-wrap elementor-element-populated\">\n\t\t\t\t\t\t<div class=\"elementor-element elementor-element-3aea6b75 elementor-widget elementor-widget-image\" data-id=\"3aea6b75\" data-element_type=\"widget\" data-widget_type=\"image.default\">\n\t\t\t\t<div class=\"elementor-widget-container\">\n\t\t\t\t\t\t\t\t\t\t\t\t\t<img decoding=\"async\" width=\"907\" height=\"464\" src=\"https:\/\/bluesky.net.br\/wp-content\/uploads\/2022\/11\/3d26d8_9293f636486d4c8099606e74eb5b0905.webp\" class=\"attachment-large size-large wp-image-257\" alt=\"\" srcset=\"https:\/\/bluesky.net.br\/wp-content\/uploads\/2022\/11\/3d26d8_9293f636486d4c8099606e74eb5b0905.webp 907w, https:\/\/bluesky.net.br\/wp-content\/uploads\/2022\/11\/3d26d8_9293f636486d4c8099606e74eb5b0905-300x153.webp 300w, https:\/\/bluesky.net.br\/wp-content\/uploads\/2022\/11\/3d26d8_9293f636486d4c8099606e74eb5b0905-768x393.webp 768w, https:\/\/bluesky.net.br\/wp-content\/uploads\/2022\/11\/3d26d8_9293f636486d4c8099606e74eb5b0905-600x307.webp 600w\" sizes=\"(max-width: 907px) 100vw, 907px\" \/>\t\t\t\t\t\t\t\t\t\t\t\t\t<\/div>\n\t\t\t\t<\/div>\n\t\t\t\t\t<\/div>\n\t\t<\/div>\n\t\t\t\t<div class=\"elementor-column elementor-col-33 elementor-top-column elementor-element elementor-element-201be5b4\" data-id=\"201be5b4\" data-element_type=\"column\">\n\t\t\t<div class=\"elementor-widget-wrap elementor-element-populated\">\n\t\t\t\t\t\t<div class=\"elementor-element elementor-element-1573a267 elementor-widget elementor-widget-image\" data-id=\"1573a267\" data-element_type=\"widget\" data-widget_type=\"image.default\">\n\t\t\t\t<div class=\"elementor-widget-container\">\n\t\t\t\t\t\t\t\t\t\t\t\t\t<img decoding=\"async\" width=\"980\" height=\"501\" src=\"https:\/\/bluesky.net.br\/wp-content\/uploads\/2022\/11\/3d26d8_0abda96e65c64613bfc55131917fc009.webp\" class=\"attachment-large size-large wp-image-256\" alt=\"\" srcset=\"https:\/\/bluesky.net.br\/wp-content\/uploads\/2022\/11\/3d26d8_0abda96e65c64613bfc55131917fc009.webp 980w, https:\/\/bluesky.net.br\/wp-content\/uploads\/2022\/11\/3d26d8_0abda96e65c64613bfc55131917fc009-300x153.webp 300w, https:\/\/bluesky.net.br\/wp-content\/uploads\/2022\/11\/3d26d8_0abda96e65c64613bfc55131917fc009-768x393.webp 768w, https:\/\/bluesky.net.br\/wp-content\/uploads\/2022\/11\/3d26d8_0abda96e65c64613bfc55131917fc009-600x307.webp 600w\" sizes=\"(max-width: 980px) 100vw, 980px\" \/>\t\t\t\t\t\t\t\t\t\t\t\t\t<\/div>\n\t\t\t\t<\/div>\n\t\t\t\t\t<\/div>\n\t\t<\/div>\n\t\t\t\t\t<\/div>\n\t\t<\/section>\n\t\t\t\t<\/div>\n\t\t","protected":false},"excerpt":{"rendered":"<p>BALLOON BRANDING &#038; Aeromarketing Quantas pessoas tiraram fotografias de seu \u00faltimo Out-door para mostrar aos amigos ou\u00a0a colocaram no jornal da cidade? Quantos gravaram um comercial de TV para assistir repetidas vezes com a fam\u00edlia? PORQUE UM BAL\u00c3O?\u00a0 IMPACTO:\u00a0Nada se compara ao impacto da vis\u00e3o de sua marca aplicada a um\u00a0bal\u00e3o\u00a0equivalente a um pr\u00e9dio de &hellip;<\/p>\n<p class=\"read-more\"> <a class=\"\" href=\"https:\/\/bluesky.net.br\/index.php\/balloon-branding-aeromarketing\/\"> <span class=\"screen-reader-text\">BALLOON BRANDING &amp; Aeromarketing<\/span> Leia mais &raquo;<\/a><\/p>\n","protected":false},"author":1,"featured_media":0,"parent":0,"menu_order":0,"comment_status":"closed","ping_status":"closed","template":"","meta":{"site-sidebar-layout":"no-sidebar","site-content-layout":"page-builder","ast-global-header-display":"","ast-main-header-display":"","ast-hfb-above-header-display":"","ast-hfb-below-header-display":"","ast-hfb-mobile-header-display":"","site-post-title":"disabled","ast-breadcrumbs-content":"","ast-featured-img":"disabled","footer-sml-layout":"","theme-transparent-header-meta":"","adv-header-id-meta":"","stick-header-meta":"","header-above-stick-meta":"","header-main-stick-meta":"","header-below-stick-meta":"","footnotes":""},"class_list":["post-254","page","type-page","status-publish","hentry"],"_links":{"self":[{"href":"https:\/\/bluesky.net.br\/index.php\/wp-json\/wp\/v2\/pages\/254","targetHints":{"allow":["GET"]}}],"collection":[{"href":"https:\/\/bluesky.net.br\/index.php\/wp-json\/wp\/v2\/pages"}],"about":[{"href":"https:\/\/bluesky.net.br\/index.php\/wp-json\/wp\/v2\/types\/page"}],"author":[{"embeddable":true,"href":"https:\/\/bluesky.net.br\/index.php\/wp-json\/wp\/v2\/users\/1"}],"replies":[{"embeddable":true,"href":"https:\/\/bluesky.net.br\/index.php\/wp-json\/wp\/v2\/comments?post=254"}],"version-history":[{"count":7,"href":"https:\/\/bluesky.net.br\/index.php\/wp-json\/wp\/v2\/pages\/254\/revisions"}],"predecessor-version":[{"id":457,"href":"https:\/\/bluesky.net.br\/index.php\/wp-json\/wp\/v2\/pages\/254\/revisions\/457"}],"wp:attachment":[{"href":"https:\/\/bluesky.net.br\/index.php\/wp-json\/wp\/v2\/media?parent=254"}],"curies":[{"name":"wp","href":"https:\/\/api.w.org\/{rel}","templated":true}]}}